{"version":"1.0","provider_name":"P\u00f4le Logiciels Libres","provider_url":"https:\/\/pcll.ac-dijon.fr\/pcll","author_name":"Luc Bourdot","author_url":"https:\/\/pcll.ac-dijon.fr\/pcll\/blog\/author\/admin-eole\/","title":"P\u00f4le de comp\u00e9tences Logiciels Libres - P\u00f4le Logiciels Libres","type":"rich","width":600,"height":338,"html":"<blockquote class=\"wp-embedded-content\" data-secret=\"BmGz5CxxN4\"><a href=\"https:\/\/pcll.ac-dijon.fr\/pcll\/pole-logiciels-libres-2\/\">P\u00f4le de comp\u00e9tences Logiciels Libres<\/a><\/blockquote><iframe sandbox=\"allow-scripts\" security=\"restricted\" src=\"https:\/\/pcll.ac-dijon.fr\/pcll\/pole-logiciels-libres-2\/embed\/#?secret=BmGz5CxxN4\" width=\"600\" height=\"338\" title=\"\u00ab\u00a0P\u00f4le de comp\u00e9tences Logiciels Libres\u00a0\u00bb &#8212; P\u00f4le Logiciels Libres\" data-secret=\"BmGz5CxxN4\" frameborder=\"0\" marginwidth=\"0\" marginheight=\"0\" scrolling=\"no\" class=\"wp-embedded-content\"><\/iframe><script type=\"text\/javascript\">\n\/* <![CDATA[ *\/\n\/*! This file is auto-generated *\/\n!function(d,l){\"use strict\";l.querySelector&&d.addEventListener&&\"undefined\"!=typeof URL&&(d.wp=d.wp||{},d.wp.receiveEmbedMessage||(d.wp.receiveEmbedMessage=function(e){var t=e.data;if((t||t.secret||t.message||t.value)&&!\/[^a-zA-Z0-9]\/.test(t.secret)){for(var s,r,n,a=l.querySelectorAll('iframe[data-secret=\"'+t.secret+'\"]'),o=l.querySelectorAll('blockquote[data-secret=\"'+t.secret+'\"]'),c=new RegExp(\"^https?:$\",\"i\"),i=0;i<o.length;i++)o[i].style.display=\"none\";for(i=0;i<a.length;i++)s=a[i],e.source===s.contentWindow&&(s.removeAttribute(\"style\"),\"height\"===t.message?(1e3<(r=parseInt(t.value,10))?r=1e3:~~r<200&&(r=200),s.height=r):\"link\"===t.message&&(r=new URL(s.getAttribute(\"src\")),n=new URL(t.value),c.test(n.protocol))&&n.host===r.host&&l.activeElement===s&&(d.top.location.href=t.value))}},d.addEventListener(\"message\",d.wp.receiveEmbedMessage,!1),l.addEventListener(\"DOMContentLoaded\",function(){for(var e,t,s=l.querySelectorAll(\"iframe.wp-embedded-content\"),r=0;r<s.length;r++)(t=(e=s[r]).getAttribute(\"data-secret\"))||(t=Math.random().toString(36).substring(2,12),e.src+=\"#?secret=\"+t,e.setAttribute(\"data-secret\",t)),e.contentWindow.postMessage({message:\"ready\",secret:t},\"*\")},!1)))}(window,document);\n\/\/# sourceURL=https:\/\/pcll.ac-dijon.fr\/pcll\/wp-includes\/js\/wp-embed.min.js\n\/* ]]> *\/\n<\/script>\n","description":"Le p\u00f4le est une \u00e9quipe du minist\u00e8re de l\u2019\u00c9ducation nationale, il est situ\u00e9 au rectorat de l&rsquo;acad\u00e9mie de Dijon. Responsable du p\u00f4le Gilles GRANDGERARD &#x67;i&#x6c;&#108;e&#x73;&#46;&#x67;&#x72;a&#x6e;&#100;g&#x65;&#114;&#x61;&#114;d&#x40;&#114;e&#x67;&#105;&#x6f;&#110;-&#x61;&#99;&#x61;&#x64;e&#x6d;&#105;q&#x75;&#101;&#x2d;&#x62;o&#x75;&#114;g&#x6f;&#103;&#x6e;&#101;-&#x66;&#114;&#x61;&#x6e;c&#x68;&#101;-&#x63;&#111;&#x6d;&#x74;e&#x2e;&#102;r Adjoint au responsable Jo\u00ebl CUISSINAT &#x6a;&#111;e&#x6c;&#46;c&#x75;&#x69;&#115;&#x73;&#x69;&#110;a&#x74;&#64;r&#x65;&#x67;&#105;&#x6f;&#x6e;&#45;a&#x63;&#97;d&#x65;&#x6d;&#105;&#x71;&#x75;&#101;-&#x62;&#111;u&#x72;&#x67;&#111;&#x67;&#x6e;&#101;-&#x66;&#114;a&#x6e;&#x63;&#104;&#x65;&#x2d;&#99;o&#x6d;&#116;e&#x2e;&#x66;&#114; Int\u00e9gration des composants Daniel DEHENNIN &#100;&#x61;&#110;&#x69;&#101;&#x6c;&#46;&#x64;&#101;&#x68;&#101;&#x6e;n&#x69;n&#x40;r&#x65;g&#x69;o&#x6e;-&#97;&#x63;&#97;&#x64;&#101;&#x6d;&#105;&#x71;&#117;&#x65;&#45;&#x62;&#111;&#x75;r&#x67;o&#x67;n&#x65;-&#x66;r&#x61;n&#99;&#x68;&#101;&#x2d;&#99;&#x6f;&#109;&#x74;&#101;&#x2e;&#102;&#x72; Laurent FLORI &#x6c;&#97;&#x75;&#x72;&#101;&#x6e;&#116;&#46;&#x66;&#108;o&#x72;&#105;&#64;&#x72;&#101;g&#x69;&#111;&#x6e;&#x2d;&#97;&#x63;&#x61;&#100;&#x65;&#109;i&#x71;&#117;e&#x2d;&#98;o&#x75;&#114;g&#x6f;&#103;&#x6e;&#x65;&#45;&#x66;&#x72;&#97;&#x6e;&#99;h&#x65;&#45;c&#x6f;&#109;t&#x65;&#46;f&#x72; Julien MARCHETTI &#x6a;&#117;&#108;&#x69;&#x65;&#110;&#46;&#x6d;&#x61;&#114;&#99;&#x68;&#x65;&#116;&#116;&#x69;&#x40;&#114;&#101;&#x67;&#x69;&#111;&#110;&#x2d;&#x61;&#99;&#97;&#x64;&#x65;&#109;&#105;&#x71;&#x75;&#101;&#45;&#x62;&#x6f;&#117;&#114;&#x67;&#x6f;&#103;&#110;&#x65;&#x2d;&#102;&#114;&#x61;&#x6e;&#99;&#104;&#x65;&#x2d;&#99;&#111;&#x6d;&#x74;&#101;&#46;&#x66;&#x72; D\u00e9veloppement d&rsquo;applications Bruno BOIGET &#x62;&#x72;&#117;n&#x6f;&#x2e;&#x62;&#111;i&#x67;&#x65;&#x74;&#64;r&#x65;&#x67;&#x69;&#111;n&#x2d;&#x61;&#x63;&#97;d&#x65;&#x6d;&#x69;&#113;u&#x65;&#x2d;&#x62;&#111;u&#x72;&#x67;&#x6f;&#103;n&#x65;&#x2d;&#x66;&#114;a&#x6e;&#x63;&#x68;&#101;-&#x63;&#x6f;&#x6d;&#116;e&#x2e;&#x66;&#x72; Lionel MORIN &#108;&#x69;&#111;&#x6e;&#101;&#x6c;&#46;&#x6d;o&#114;&#x69;&#110;&#x40;&#114;&#x65;g&#x69;o&#110;&#x2d;&#97;&#x63;&#97;&#x64;&#101;&#x6d;i&#x71;u&#101;&#x2d;&#98;&#x6f;&#117;&#x72;g&#x6f;g&#110;&#x65;&#45;&#x66;&#114;&#x61;&#110;&#x63;h&#x65;-&#99;&#x6f;&#109;&#x74;&#101;&#x2e;f&#x72; Qualification \/ Diffusion Fabrice [&hellip;]","thumbnail_url":"https:\/\/pcll.ac-dijon.fr\/pcll\/wp-content\/uploads\/sites\/3\/2023\/10\/acad-dijon.png"}

Pôle Logiciels Libres

Pôle de compétences Logiciels Libres - Pôle Logiciels Libres

<blockquote class="wp-embedded-content" data-secret="BmGz5CxxN4"><a href="https://pcll.ac-dijon.fr/pcll/pole-logiciels-libres-2/">Pôle de compétences Logiciels Libres</a></blockquote><iframe sandbox="allow-scripts" security="restricted" src="https://pcll.ac-dijon.fr/pcll/pole-logiciels-libres-2/embed/#?secret=BmGz5CxxN4" width="600" height="338" title="« Pôle de compétences Logiciels Libres » &#8212; Pôle Logiciels Libres" data-secret="BmGz5CxxN4" frameborder="0" marginwidth="0" marginheight="0" scrolling="no" class="wp-embedded-content"></iframe><script type="text/javascript">
/* <![CDATA[ */
/*! This file is auto-generated */
!function(d,l){"use strict";l.querySelector&&d.addEventListener&&"undefined"!=typeof URL&&(d.wp=d.wp||{},d.wp.receiveEmbedMessage||(d.wp.receiveEmbedMessage=function(e){var t=e.data;if((t||t.secret||t.message||t.value)&&!/[^a-zA-Z0-9]/.test(t.secret)){for(var s,r,n,a=l.querySelectorAll('iframe[data-secret="'+t.secret+'"]'),o=l.querySelectorAll('blockquote[data-secret="'+t.secret+'"]'),c=new RegExp("^https?:$","i"),i=0;i<o.length;i++)o[i].style.display="none";for(i=0;i<a.length;i++)s=a[i],e.source===s.contentWindow&&(s.removeAttribute("style"),"height"===t.message?(1e3<(r=parseInt(t.value,10))?r=1e3:~~r<200&&(r=200),s.height=r):"link"===t.message&&(r=new URL(s.getAttribute("src")),n=new URL(t.value),c.test(n.protocol))&&n.host===r.host&&l.activeElement===s&&(d.top.location.href=t.value))}},d.addEventListener("message",d.wp.receiveEmbedMessage,!1),l.addEventListener("DOMContentLoaded",function(){for(var e,t,s=l.querySelectorAll("iframe.wp-embedded-content"),r=0;r<s.length;r++)(t=(e=s[r]).getAttribute("data-secret"))||(t=Math.random().toString(36).substring(2,12),e.src+="#?secret="+t,e.setAttribute("data-secret",t)),e.contentWindow.postMessage({message:"ready",secret:t},"*")},!1)))}(window,document);
//# sourceURL=https://pcll.ac-dijon.fr/pcll/wp-includes/js/wp-embed.min.js
/* ]]> */
</script>

Le pôle est une équipe du ministère de l’Éducation nationale, il est situé au rectorat de l&rsquo;académie de Dijon. Responsable du pôle Gilles GRANDGERARD &#x67;i&#x6c;&#108;e&#x73;&#46;&#x67;&#x72;a&#x6e;&#100;g&#x65;&#114;&#x61;&#114;d&#x40;&#114;e&#x67;&#105;&#x6f;&#110;-&#x61;&#99;&#x61;&#x64;e&#x6d;&#105;q&#x75;&#101;&#x2d;&#x62;o&#x75;&#114;g&#x6f;&#103;&#x6e;&#101;-&#x66;&#114;&#x61;&#x6e;c&#x68;&#101;-&#x63;&#111;&#x6d;&#x74;e&#x2e;&#102;r Adjoint au responsable Joël CUISSINAT &#x6a;&#111;e&#x6c;&#46;c&#x75;&#x69;&#115;&#x73;&#x69;&#110;a&#x74;&#64;r&#x65;&#x67;&#105;&#x6f;&#x6e;&#45;a&#x63;&#97;d&#x65;&#x6d;&#105;&#x71;&#x75;&#101;-&#x62;&#111;u&#x72;&#x67;&#111;&#x67;&#x6e;&#101;-&#x66;&#114;a&#x6e;&#x63;&#104;&#x65;&#x2d;&#99;o&#x6d;&#116;e&#x2e;&#x66;&#114; Intégration des composants Daniel DEHENNIN &#100;&#x61;&#110;&#x69;&#101;&#x6c;&#46;&#x64;&#101;&#x68;&#101;&#x6e;n&#x69;n&#x40;r&#x65;g&#x69;o&#x6e;-&#97;&#x63;&#97;&#x64;&#101;&#x6d;&#105;&#x71;&#117;&#x65;&#45;&#x62;&#111;&#x75;r&#x67;o&#x67;n&#x65;-&#x66;r&#x61;n&#99;&#x68;&#101;&#x2d;&#99;&#x6f;&#109;&#x74;&#101;&#x2e;&#102;&#x72; Laurent FLORI &#x6c;&#97;&#x75;&#x72;&#101;&#x6e;&#116;&#46;&#x66;&#108;o&#x72;&#105;&#64;&#x72;&#101;g&#x69;&#111;&#x6e;&#x2d;&#97;&#x63;&#x61;&#100;&#x65;&#109;i&#x71;&#117;e&#x2d;&#98;o&#x75;&#114;g&#x6f;&#103;&#x6e;&#x65;&#45;&#x66;&#x72;&#97;&#x6e;&#99;h&#x65;&#45;c&#x6f;&#109;t&#x65;&#46;f&#x72; Julien MARCHETTI &#x6a;&#117;&#108;&#x69;&#x65;&#110;&#46;&#x6d;&#x61;&#114;&#99;&#x68;&#x65;&#116;&#116;&#x69;&#x40;&#114;&#101;&#x67;&#x69;&#111;&#110;&#x2d;&#x61;&#99;&#97;&#x64;&#x65;&#109;&#105;&#x71;&#x75;&#101;&#45;&#x62;&#x6f;&#117;&#114;&#x67;&#x6f;&#103;&#110;&#x65;&#x2d;&#102;&#114;&#x61;&#x6e;&#99;&#104;&#x65;&#x2d;&#99;&#111;&#x6d;&#x74;&#101;&#46;&#x66;&#x72; Développement d&rsquo;applications Bruno BOIGET &#x62;&#x72;&#117;n&#x6f;&#x2e;&#x62;&#111;i&#x67;&#x65;&#x74;&#64;r&#x65;&#x67;&#x69;&#111;n&#x2d;&#x61;&#x63;&#97;d&#x65;&#x6d;&#x69;&#113;u&#x65;&#x2d;&#x62;&#111;u&#x72;&#x67;&#x6f;&#103;n&#x65;&#x2d;&#x66;&#114;a&#x6e;&#x63;&#x68;&#101;-&#x63;&#x6f;&#x6d;&#116;e&#x2e;&#x66;&#x72; Lionel MORIN &#108;&#x69;&#111;&#x6e;&#101;&#x6c;&#46;&#x6d;o&#114;&#x69;&#110;&#x40;&#114;&#x65;g&#x69;o&#110;&#x2d;&#97;&#x63;&#97;&#x64;&#101;&#x6d;i&#x71;u&#101;&#x2d;&#98;&#x6f;&#117;&#x72;g&#x6f;g&#110;&#x65;&#45;&#x66;&#114;&#x61;&#110;&#x63;h&#x65;-&#99;&#x6f;&#109;&#x74;&#101;&#x2e;f&#x72; Qualification / Diffusion Fabrice [&hellip;]
