{"id":69,"date":"2015-04-01T15:32:54","date_gmt":"2015-04-01T15:32:54","guid":{"rendered":"http:\/\/localhost\/wordpress\/?page_id=2"},"modified":"2020-12-18T11:44:37","modified_gmt":"2020-12-18T10:44:37","slug":"sample-page","status":"publish","type":"page","link":"https:\/\/pcll.ac-dijon.fr\/eole\/","title":{"rendered":"Accueil"},"content":{"rendered":"<h2 style=\"text-align: center\"><a href=\"http:\/\/pcll.ac-dijon.fr\/pcll\" target=\"_blank\" rel=\"noopener noreferrer\"><img loading=\"lazy\" decoding=\"async\" class=\" wp-image-454 alignright\" src=\"wp-content\/uploads\/sites\/4\/2015\/06\/logo-300x163.png\" alt=\"Pole Logiciels Libres\" width=\"119\" height=\"65\" srcset=\"https:\/\/pcll.ac-dijon.fr\/eole\/wp-content\/uploads\/sites\/4\/2015\/06\/logo-300x163.png 300w, https:\/\/pcll.ac-dijon.fr\/eole\/wp-content\/uploads\/sites\/4\/2015\/06\/logo.png 825w\" sizes=\"auto, (max-width: 119px) 100vw, 119px\" \/><\/a><\/h2>\n<h2 style=\"text-align: center\">Ensemble Ouvert Libre \u00c9volutif<\/h2>\n<h4 style=\"text-align: center\">EOLE est une distribution GNU\/Linux \u00e9dit\u00e9e par le P\u00f4le Logiciels Libres<\/h4>\n","protected":false},"excerpt":{"rendered":"<p>Ensemble Ouvert Libre \u00c9volutif EOLE est une distribution GNU\/Linux \u00e9dit\u00e9e par le P\u00f4le Logiciels Libres<\/p>\n","protected":false},"author":1,"featured_media":0,"parent":0,"menu_order":0,"comment_status":"closed","ping_status":"open","template":"templates\/template-home.php","meta":{"_acf_changed":false,"footnotes":""},"class_list":["post-69","page","type-page","status-publish","hentry"],"acf":[],"yoast_head":"<!-- This site is optimized with the Yoast SEO plugin v27.1.1 - https:\/\/yoast.com\/product\/yoast-seo-wordpress\/ -->\n<title>Accueil - EOLE<\/title>\n<meta name=\"description\" content=\"EOLE est une distribution GNU\/Linux \u00e9dit\u00e9e par le P\u00f4le Logiciels Libres du Minist\u00e8re de l\u2019\u00c9ducation.\" \/>\n<meta name=\"robots\" content=\"index, follow, max-snippet:-1, max-image-preview:large, max-video-preview:-1\" \/>\n<link rel=\"canonical\" href=\"https:\/\/pcll.ac-dijon.fr\/eole\/\" \/>\n<meta property=\"og:locale\" content=\"fr_FR\" \/>\n<meta property=\"og:type\" content=\"article\" \/>\n<meta property=\"og:title\" content=\"Accueil - EOLE\" \/>\n<meta property=\"og:description\" content=\"EOLE est une distribution GNU\/Linux \u00e9dit\u00e9e par le P\u00f4le Logiciels Libres du Minist\u00e8re de l\u2019\u00c9ducation.\" \/>\n<meta property=\"og:url\" content=\"https:\/\/pcll.ac-dijon.fr\/eole\/\" \/>\n<meta property=\"og:site_name\" content=\"EOLE\" \/>\n<meta property=\"article:modified_time\" content=\"2020-12-18T10:44:37+00:00\" \/>\n<meta name=\"twitter:card\" content=\"summary_large_image\" \/>\n<meta name=\"twitter:site\" content=\"@PoleEole\" \/>\n<script type=\"application\/ld+json\" class=\"yoast-schema-graph\">{\"@context\":\"https:\/\/schema.org\",\"@graph\":[{\"@type\":\"WebPage\",\"@id\":\"https:\/\/pcll.ac-dijon.fr\/eole\/\",\"url\":\"https:\/\/pcll.ac-dijon.fr\/eole\/\",\"name\":\"Accueil - EOLE\",\"isPartOf\":{\"@id\":\"https:\/\/pcll.ac-dijon.fr\/eole\/#website\"},\"datePublished\":\"2015-04-01T15:32:54+00:00\",\"dateModified\":\"2020-12-18T10:44:37+00:00\",\"description\":\"EOLE est une distribution GNU\/Linux \u00e9dit\u00e9e par le P\u00f4le Logiciels Libres du Minist\u00e8re de l\u2019\u00c9ducation.\",\"breadcrumb\":{\"@id\":\"https:\/\/pcll.ac-dijon.fr\/eole\/#breadcrumb\"},\"inLanguage\":\"fr-FR\",\"potentialAction\":[{\"@type\":\"ReadAction\",\"target\":[\"https:\/\/pcll.ac-dijon.fr\/eole\/\"]}]},{\"@type\":\"BreadcrumbList\",\"@id\":\"https:\/\/pcll.ac-dijon.fr\/eole\/#breadcrumb\",\"itemListElement\":[{\"@type\":\"ListItem\",\"position\":1,\"name\":\"Accueil\",\"item\":\"https:\/\/pcll.ac-dijon.fr\/eole\/\"},{\"@type\":\"ListItem\",\"position\":2,\"name\":\"Accueil\"}]},{\"@type\":\"WebSite\",\"@id\":\"https:\/\/pcll.ac-dijon.fr\/eole\/#website\",\"url\":\"https:\/\/pcll.ac-dijon.fr\/eole\/\",\"name\":\"EOLE\",\"description\":\"Ensemble Ouvert Libre Evolutif\",\"potentialAction\":[{\"@type\":\"SearchAction\",\"target\":{\"@type\":\"EntryPoint\",\"urlTemplate\":\"https:\/\/pcll.ac-dijon.fr\/eole\/?s={search_term_string}\"},\"query-input\":{\"@type\":\"PropertyValueSpecification\",\"valueRequired\":true,\"valueName\":\"search_term_string\"}}],\"inLanguage\":\"fr-FR\"}]}<\/script>\n<!-- \/ Yoast SEO plugin. -->","yoast_head_json":{"title":"Accueil - EOLE","description":"EOLE est une distribution GNU\/Linux \u00e9dit\u00e9e par le P\u00f4le Logiciels Libres du Minist\u00e8re de l\u2019\u00c9ducation.","robots":{"index":"index","follow":"follow","max-snippet":"max-snippet:-1","max-image-preview":"max-image-preview:large","max-video-preview":"max-video-preview:-1"},"canonical":"https:\/\/pcll.ac-dijon.fr\/eole\/","og_locale":"fr_FR","og_type":"article","og_title":"Accueil - EOLE","og_description":"EOLE est une distribution GNU\/Linux \u00e9dit\u00e9e par le P\u00f4le Logiciels Libres du Minist\u00e8re de l\u2019\u00c9ducation.","og_url":"https:\/\/pcll.ac-dijon.fr\/eole\/","og_site_name":"EOLE","article_modified_time":"2020-12-18T10:44:37+00:00","twitter_card":"summary_large_image","twitter_site":"@PoleEole","schema":{"@context":"https:\/\/schema.org","@graph":[{"@type":"WebPage","@id":"https:\/\/pcll.ac-dijon.fr\/eole\/","url":"https:\/\/pcll.ac-dijon.fr\/eole\/","name":"Accueil - EOLE","isPartOf":{"@id":"https:\/\/pcll.ac-dijon.fr\/eole\/#website"},"datePublished":"2015-04-01T15:32:54+00:00","dateModified":"2020-12-18T10:44:37+00:00","description":"EOLE est une distribution GNU\/Linux \u00e9dit\u00e9e par le P\u00f4le Logiciels Libres du Minist\u00e8re de l\u2019\u00c9ducation.","breadcrumb":{"@id":"https:\/\/pcll.ac-dijon.fr\/eole\/#breadcrumb"},"inLanguage":"fr-FR","potentialAction":[{"@type":"ReadAction","target":["https:\/\/pcll.ac-dijon.fr\/eole\/"]}]},{"@type":"BreadcrumbList","@id":"https:\/\/pcll.ac-dijon.fr\/eole\/#breadcrumb","itemListElement":[{"@type":"ListItem","position":1,"name":"Accueil","item":"https:\/\/pcll.ac-dijon.fr\/eole\/"},{"@type":"ListItem","position":2,"name":"Accueil"}]},{"@type":"WebSite","@id":"https:\/\/pcll.ac-dijon.fr\/eole\/#website","url":"https:\/\/pcll.ac-dijon.fr\/eole\/","name":"EOLE","description":"Ensemble Ouvert Libre Evolutif","potentialAction":[{"@type":"SearchAction","target":{"@type":"EntryPoint","urlTemplate":"https:\/\/pcll.ac-dijon.fr\/eole\/?s={search_term_string}"},"query-input":{"@type":"PropertyValueSpecification","valueRequired":true,"valueName":"search_term_string"}}],"inLanguage":"fr-FR"}]}},"_links":{"self":[{"href":"https:\/\/pcll.ac-dijon.fr\/eole\/wp-json\/wp\/v2\/pages\/69","targetHints":{"allow":["GET"]}}],"collection":[{"href":"https:\/\/pcll.ac-dijon.fr\/eole\/wp-json\/wp\/v2\/pages"}],"about":[{"href":"https:\/\/pcll.ac-dijon.fr\/eole\/wp-json\/wp\/v2\/types\/page"}],"author":[{"embeddable":true,"href":"https:\/\/pcll.ac-dijon.fr\/eole\/wp-json\/wp\/v2\/users\/1"}],"replies":[{"embeddable":true,"href":"https:\/\/pcll.ac-dijon.fr\/eole\/wp-json\/wp\/v2\/comments?post=69"}],"version-history":[{"count":24,"href":"https:\/\/pcll.ac-dijon.fr\/eole\/wp-json\/wp\/v2\/pages\/69\/revisions"}],"predecessor-version":[{"id":3508,"href":"https:\/\/pcll.ac-dijon.fr\/eole\/wp-json\/wp\/v2\/pages\/69\/revisions\/3508"}],"wp:attachment":[{"href":"https:\/\/pcll.ac-dijon.fr\/eole\/wp-json\/wp\/v2\/media?parent=69"}],"curies":[{"name":"wp","href":"https:\/\/api.w.org\/{rel}","templated":true}]}}